 + 11 = -b + 3*b. Suppose 188 = u + b*x, -3*x + 133 = -3*u + 733. List the prime factors of u.
2, 3, 11
Let g = -13 - -16. List the prime factors of 9*(g*22/18 - -3).
2, 3, 5
List the prime factors of (-3 + -163)/(4/(-10)).
5, 83
Let w = 1711 + -1220. What are the prime factors of w?
491
Let k be (-9)/21 + (-24)/(-7). Suppose 2*l - k*d - 214 = -8*d, d + 202 = 2*l. Suppose 0*h = -2*h + l. List the prime factors of h.
3, 17
Let n be -2*2/6*(-9 + 0). Suppose n*p + 265 = 1423. List the prime factors of p.
193
Suppose -4*t + 4525 = 2*k - 5*k, -t = -k - 1131. What are the prime factors of t?
2, 283
Let c(k) = k**2 + 2*k - 5. Let p(m) = 4*m - 2. Let n be p(2). Let b be c(n). Suppose -2*d = g + d - b, 66 = 2*g + d. What are the prime factors of g?
31
Suppose 0 = -4*f - 5*s + 244, 0 = -f + 5*s - 3 + 64. Let n = 90 - f. Suppose 2*i = 2*m + 20, 11 + n = 3*i + 2*m. What are the prime factors of i?
2, 3
Let h(a) = 3*a**2 + 27*a - 10. List the prime factors of h(13).
2, 53
Let d = 976 - 185. List the prime factors of d.
7, 113
List the prime factors of 6 + (-8 - -11)*378.
2, 3, 5, 19
Suppose -1870 + 6697 = 5*x + 4*i, x - 978 = -5*i. What are the prime factors of x?
3, 107
Let i be (-29 + 12)/(2/(-2 - 0)). Let a(c) = 2*c + 38. List the prime factors of a(i).
2, 3
Let q(c) = c**3 + 8*c**2 + 8*c + 10. Let u(o) = o + 15. Let k be u(-13). Let i be (k/6)/(10/(-210)). List the prime factors of q(i).
3
Suppose -5*a = r - 1127, -2*r - 4*a + 99 = -2137. What are the prime factors of r?
2, 139
Suppose -17*d - 96*d = -80456. List the prime factors of d.
2, 89
Let p be 8 + -88 + 0/(-1). Let i = p + 50. Let a = 28 - i. List the prime factors of a.
2, 29
Let j(k) = 64*k**2 - 26*k + 151. What are the prime factors of j(6)?
11, 19
Suppose 978 = 64*g - 61*g. List the prime factors of g.
2, 163
Let k(b) = b**2 + 4*b - 15. Let y be k(-7). Suppose -y*z + 11*z - 10 = 0. Suppose 3*g = -2*i + 116, 5*g - z*i - 191 = -3*i. List the prime factors of g.
2, 19
Let d(f) = 77*f - 40. Let i be d(3). Suppose 4*j = 197 + i. What are the prime factors of j?
97
What are the prime factors of ((-2783)/33)/(2/(-6))?
11, 23
Let k(w) = w**3 - 3*w**2 + 3*w - 5. Let d(u) = -u**3 + 4*u**2 - 4*u + 6. Let y(x) = 6*d(x) + 7*k(x). What are the prime factors of y(-3)?
2, 5
Let g(k) = k**2 + 3*k + 5*k**2 + 3 - k**3 + 4*k. Let r be g(7). Suppose -p + 9 = -j, -r*p + 2*j + 36 = p. List the prime factors of p.
3
Suppose 3*b - 10 - 13 = 4*i, 2*i = -2*b + 20. Let f = 12 - b. Suppose -5*a + f*k + 210 = -2*k, 0 = 4*a + 5*k - 150. List the prime factors of a.
2, 5
Suppose 0 = 26*a + 4*a - 1290. List the prime factors of a.
43
Let f be (8/16)/((-2)/(-1520)). List the prime factors of f/16 - 1/(-4).
2, 3
Suppose 11*i - 10290 = i. What are the prime factors of i?
3, 7
Let w(r) = 56*r - 14. Let f(y) = 19*y - 5. Suppose 5*p = 5*x - 60, 5*p - 6*x + 3*x = -52. Let n(q) = p*f(q) + 3*w(q). What are the prime factors of n(1)?
2, 7
Suppose 38 = -7*i - 158. Let j be -1*(57 + -1*1). What are the prime factors of ((-72)/i)/((-6)/j)?
2, 3
Suppose 0 = 22*i - 26*i + 5*g + 2061, 2*g + 1544 = 3*i. List the prime factors of i.
2, 257
Let d(v) = 625*v**2 - 2*v - 1. Let q be d(-1). List the prime factors of q/3*((-36)/(-8) - 3).
313
Suppose 3*q = 4*q + 150. Let g = -102 - q. List the prime factors of g.
2, 3
Suppose 0 = 15*j - 1082 - 11323. What are the prime factors of j?
827
Let t(x) = 93*x - 59. List the prime factors of t(13).
2, 5, 23
Let x be 39 + (-5 - (-3)/1) + 1. Suppose -41*c + 276 = -x*c. List the prime factors of c.
2, 23
Let y(l) = 22*l**2 + l + 13. List the prime factors of y(5).
2, 71
Let w be (-5)/(-4)*(-32)/4. Let o = -8 - w. List the prime factors of (4 + (-116)/(-8))*o.
37
Let h(u) = 4*u**3 + u**2. Let f be h(-1). Let g(n) = 3*n**2 + 3*n + 4. Let j be g(f). Suppose -4 = 2*w - j. What are the prime factors of w?
3
Suppose 5*t - 1184 = -4*b, 4*b + 432 = -t + 1600. Suppose -76 + b = 5*m. What are the prime factors of m?
43
Suppose -5*b = -v + 245, -3*v + 2*b + 761 = -0*b. Suppose 3*j - 192 = -n, -n + v = 4*j - 0*n. List the prime factors of j.
3, 7
Let h = -51 + 308. Suppose 3 = s - 1, h = 3*b + 2*s. What are the prime factors of b?
83
Let w(u) = u - 7. Let o be w(-13). What are the prime factors of ((-21)/5)/(1/o)?
2, 3, 7
Let s(t) = t**3 + 22*t**2 + 10*t + 116. List the prime factors of s(-21).
347
Suppose 0 = -m - 20 - 21. Let r = m - -63. List the prime factors of r.
2, 11
Suppose 8*v = 5*v + 48. What are the prime factors of (5/(-3) - -1)/(v/(-5496))?
229
Let n = -1 + 3. Suppose -3*y = 0, 3*x + n*y = 3*y + 306. List the prime factors of x.
2, 3, 17
Let w(j) = j**2 - 5*j + 1. Let g be w(-8). Suppose -5*h + 0*h = -g. Let m = h - 9. What are the prime factors of m?
2, 3
Suppose 5*w = 5*d + 30, -30 = -5*w + 3*d + d. What are the prime factors of 1157/78 - (-1)/w?
3, 5
Suppose 6*c - 86 = 4*c. Let g = 78 - c. List the prime factors of g.
5, 7
Let a(d) = -2*d + 1. Let b be a(-2). Suppose 0 = -5*w - 3*f + 14, f = -5*w + 27 - 9. Suppose 0*j = h - w*j - 11, h - 56 = -b*j. What are the prime factors of h?
31
Suppose 15*b - 5450 = 9700. What are the prime factors of b?
2, 5, 101
Let l = -7 - 25. Let p = -47 - l. Let c = p + 64. List the prime factors of c.
7
Suppose -6*k + 80 = -16*k. List the prime factors of 7*(3 - k) - (5 + -6).
2, 3, 13
Suppose 2*p - 395 = -5*m, 7*p - 2*p + 52 = m. Suppose -2*d - 3*z - 56 = 0, -2*d + 2*z - 59 - 7 = 0. Let g = d + m. List the prime factors of g.
2, 23
Let h(x) = x**2 + 4*x + 2. Let g be h(-4). Suppose 3*f = j + g + 63, 0 = 5*f - 3*j - 115. What are the prime factors of f?
2, 5
Let h = -7 + 5. Let j be 88 + 0/h + 0. Suppose -2*l - 66 = -3*i, 3*l + 21 + j = 5*i. List the prime factors of i.
2, 5
Let o(q) = 51*q**2 + 5*q - 59. List the prime factors of o(6).
13, 139
Let y be (0 - (-2)/(-1)) + 2. Suppose y*t = t - 4. Suppose 0 = t*q - 16, 5*q - 36 = -0*z - z. What are the prime factors of z?
2
Let n = 98 + -92. Suppose n*g + 4 = 8*g. List the prime factors of g.
2
Suppose 3*z = 26 - 2. Suppose 5*g = z*g + 456. Let x = 217 + g. List the prime factors of x.
5, 13
Let z = 52 - 83. Let u = 115 + z. What are the prime factors of u?
2, 3, 7
Suppose -2*g = -5*j - 542, 3*g + 20 = 2*j + 228. Let t = j - -138. What are the prime factors of t?
2, 7
Suppose -1 = d, 11499 = 8*g - 3*g + d. What are the prime factors of g?
2, 5, 23
Let f be (-7)/(-2)*(-1)/((-2)/364). Let x = -412 + f. What are the prime factors of x?
3, 5
Suppose 9 = 3*s, -5*n - 6*s = -s - 40. Suppose -1606 = -n*m - o, -4*m + 7*o = 2*o - 1279. What are the prime factors of m?
3, 107
Let p(a) = a**3 - 3*a**2 + 55*a + 37. What are the prime factors of p(9)?
2, 509
Suppose o + 4*r = 347 + 64, -4*o = -4*r - 1564. What are the prime factors of o?
5, 79
Let l = 8 - -2. Let u = l - 6. Suppose u*s - 28 = 2*s. List the prime factors of s.
2, 7
Let x(d) = -d - 3. Let s be x(-9). Suppose -o + 2 - s = 0. Let q(j) = -j**3 - 2*j**2 + 4*j + 6. List the prime factors of q(o).
2, 11
List the prime factors of (-12)/((-129)/64 - -2).
2, 3
List the prime factors of 32/(-144) - 11992/(-18).
2, 3, 37
What are the prime factors of (-1397)/(-3) - (-70)/(-105)?
3, 5, 31
Let q be (2 - 4)*-1 + -74. Suppose 3*t = 17*t - 1484. Let s = t + q. List the prime factors of s.
2, 17
Let f = 67 - 0. Let a = f - 24. What are the prime factors of a?
43
Let a = 2478 - 1422. Suppose 3*m + 66 = a. List the prime factors of m.
2, 3, 5, 11
Let z(g) = g**3 + 12*g**2 - 8*g - 3. Let c be z(-13). Let m = c + 169. Let k = 150 - m. List the prime factors of k.
7
Let v = 4869 + -2548. What are the prime factors of v?
11, 211
Let r = -9 - -11. Suppose -5*w = -3*q - 3*w + 157, -5*q = r*w - 267. Suppose -2*k + q = -1. List the prime factors of k.
3
Suppose 4*i - 4 = -x, -4*i - 24 = -5*x - 4. Suppose 4*r - 24 = -5*m, -4*m = x*r - 5*m. Suppose -53 + r = -o. List the prime factors of o.
2, 13
Let r be 1/(-4*(-2)/40). Suppose 4*p = 5*k - 5, -10 = -4*p - 3*k + r*k. Suppose -p*t + t + 153 = -v, 2*v = -4*t + 162. What are the prime factors of t?
3, 13
Let s = 15 + -11. Suppose -z = s*z. List the prime factors of z - 3 - -4 - -7.
2
Suppose -2*f - f + 63 = -3*v, 3*f - 4*v = 64. What are the prime factors of f?
2, 5
Let z = 6 + -2. Suppose z*f = 16, -w + 56 = w - 3*f. What are the prime factors of w?
